{"id":6992,"date":"2025-08-03T09:05:02","date_gmt":"2025-08-03T07:05:02","guid":{"rendered":"https:\/\/www.rg-espeln.de\/?page_id=6992"},"modified":"2025-08-03T11:47:16","modified_gmt":"2025-08-03T09:47:16","slug":"erklaerung-zur-barrierefreiheit","status":"publish","type":"page","link":"https:\/\/www.rg-espeln.de\/?page_id=6992","title":{"rendered":"Erkl\u00e4rung zur Barrierefreiheit"},"content":{"rendered":"\n<p>Wir (Reitergruppe Espeln e.V.) als Websitebetreiber sind bem\u00fcht, die Website in Einklang mit den einschl\u00e4gigen Vorschriften zur Barrierefreiheit zu gestalten. F\u00fcr uns gelten folgende Rechtsvorschriften:<\/p>\n\n\n\n<ul class=\"wp-block-list\">\n<li>Gesetz des Landes Nordrhein-Westfalen zur Gleichstellung von Menschen mit Behinderung (Behindertengleichstellungsgesetz Nordrhein-Westfalen &#8211; BGG NRW) <\/li>\n\n\n\n<li>Barrierefreie-Informationstechnik-Verordnung Nordrhein-Westfalen (BITVNRW)<\/li>\n<\/ul>\n\n\n\n<h2 class=\"wp-block-heading\">Website<\/h2>\n\n\n\n<p>Diese Erkl\u00e4rung zur Barrierefreiheit gilt f\u00fcr die Website:<\/p>\n\n\n\n<p><a href=\"https:\/\/www.rg-espeln.de\/\">https:\/\/www.rg-espeln.de\/<\/a><\/p>\n\n\n\n<h2 class=\"wp-block-heading\">Ver\u00f6ffentlichungsdatum der Website<\/h2>\n\n\n\n<p>Diese Website wurde am 02.08.2025 ver\u00f6ffentlicht.<\/p>\n\n\n\n<h2 class=\"wp-block-heading\">Letzte Aktualisierung der Website<\/h2>\n\n\n\n<p>Diese Website wurde zuletzt am 02.08.2025 in wesentlichen Punkten inhaltlich \u00fcberarbeitet.<\/p>\n\n\n\n<h2 class=\"wp-block-heading\">Feedback und Kontaktangaben<\/h2>\n\n\n\n<p>Sind Ihnen M\u00e4ngel beim barrierefreien Zugang zu Inhalten auf unserer Website aufgefallen oder haben Sie Anmerkungen sowie Fragen zum barrierefreien Zugang? <\/p>\n\n\n\n<p>Melden Sie sich gerne bei uns unter:<\/p>\n\n\n\n<p>Reitergruppe Espeln<br>Edwin Krukenmeyer<br>Lakeweg 28<br>33161 H\u00f6velhof<br>Telefon: 05257-3585<br>E-Mail: info@rg-espeln.de<br>Oder \u00fcber unser <a href=\"https:\/\/www.rg-espeln.de\/?page_id=55\" data-type=\"page\" data-id=\"55\">Kontaktformular<\/a><\/p>\n\n\n\n<figure class=\"wp-block-embed is-type-wp-embed is-provider-reitergruppe-espeln-e-v wp-block-embed-reitergruppe-espeln-e-v\"><div class=\"wp-block-embed__wrapper\">\n<blockquote class=\"wp-embedded-content\" data-secret=\"nRrrTxkIj4\"><a href=\"https:\/\/www.rg-espeln.de\/?page_id=55\">Kontakt<\/a><\/blockquote><iframe class=\"wp-embedded-content\" sandbox=\"allow-scripts\" security=\"restricted\" style=\"position: absolute; visibility: hidden;\" title=\"&#8222;Kontakt&#8220; &#8212; Reitergruppe Espeln e.V.\" src=\"https:\/\/www.rg-espeln.de\/?page_id=55&#038;embed=true#?secret=H6uRKrAKed#?secret=nRrrTxkIj4\" data-secret=\"nRrrTxkIj4\" width=\"600\" height=\"338\" frameborder=\"0\" marginwidth=\"0\" marginheight=\"0\" scrolling=\"no\"><\/iframe>\n<\/div><\/figure>\n\n\n\n<h2 class=\"wp-block-heading\">Stand der Vereinbarkeit mit den Anforderungen<\/h2>\n\n\n\n<p>Diese Website wird derzeit auf ihre Vereinbarkeit mit den Vorgaben zur Barrierefreiheit \u00fcberpr\u00fcft. Sobald die Ergebnisse vorliegen, werden wir sie an dieser Stelle ver\u00f6ffentlichen.<\/p>\n\n\n\n<h2 class=\"wp-block-heading\">Durchsetzungsverfahren<\/h2>\n\n\n\n<p>Sollten Sie der Ansicht sein, dass Sie durch eine nicht ausreichende barrierefreie Gestaltung unserer Website benachteiligt sind, k\u00f6nnen Sie sich an die zust\u00e4ndige Durchsetzungsstelle wenden. Diese erreichen Sie unter:<\/p>\n\n\n\n<p>Ombudsstelle f\u00fcr barrierefreie Informationstechnik des Landes Nordrhein-Westfalen bei der Landesbeauftragten f\u00fcr Menschen mit Behinderungen<br>F\u00fcrstenwalde 25<br>40218 D\u00fcsseldorf<br>E-Mail:<br><a href=\"mailto:ombudsstelle-barrierefreie-it@mags.nrw.de\">ombudsstelle-barrierefreie-it@mags.nrw.de<\/a><\/p>\n\n\n\n<h2 class=\"wp-block-heading\">Sonstige Angaben zur Barrierefreiheit<\/h2>\n\n\n\n<p>Wir sind im Aufbau der Website und werden im weiteren Verlauf alles daran setzen die Barrierefreiheit gem\u00e4\u00df den gesetzlichen Bestimmungen zu erf\u00fcllen. Bei weiteren Fragen kontaktieren Sie uns gern \u00fcber das Kontaktformular oder die angegebenen Kontaktm\u00f6glichkeiten.<\/p>\n\n\n\n<h2 class=\"wp-block-heading\">Erstellung dieser Erkl\u00e4rung zur Barrierefreiheit<\/h2>\n\n\n\n<p>Diese Erkl\u00e4rung wurde am 02.08.2025 erstellt.<\/p>\n\n\n\n<p>Die Erkl\u00e4rung wurde zuletzt am 02.08.2025 \u00fcberpr\u00fcft.<\/p>\n\n\n\n<p>Quelle:<\/p>\n\n\n\n<p><a href=\"https:\/\/www.e-recht24.de\">https:\/\/www.e-recht24.de<\/a><\/p>\n","protected":false},"excerpt":{"rendered":"<p>Wir (Reitergruppe Espeln e.V.) als Websitebetreiber sind bem\u00fcht, die Website in Einklang mit den einschl\u00e4gigen Vorschriften zur Barrierefreiheit zu gestalten. F\u00fcr uns gelten folgende Rechtsvorschriften: Website Diese Erkl\u00e4rung zur Barrierefreiheit gilt f\u00fcr die Website: https:\/\/www.rg-espeln.de\/ Ver\u00f6ffentlichungsdatum der Website Diese Website wurde am 02.08.2025 ver\u00f6ffentlicht. Letzte Aktualisierung der Website Diese Website wurde zuletzt am 02.08.2025 in &hellip; <\/p>\n<p class=\"link-more\"><a href=\"https:\/\/www.rg-espeln.de\/?page_id=6992\" class=\"more-link\">Mehr <span class=\"screen-reader-text\">\u00fcber &#8222;Erkl\u00e4rung zur Barrierefreiheit&#8220; <\/span>Lesen<\/a><\/p>\n","protected":false},"author":1,"featured_media":0,"parent":0,"menu_order":0,"comment_status":"closed","ping_status":"closed","template":"","meta":{"inspiro_hide_title":false,"footnotes":""},"class_list":["post-6992","page","type-page","status-publish","hentry"],"featured_media_urls":[],"_links":{"self":[{"href":"https:\/\/www.rg-espeln.de\/index.php?rest_route=\/wp\/v2\/pages\/6992","targetHints":{"allow":["GET"]}}],"collection":[{"href":"https:\/\/www.rg-espeln.de\/index.php?rest_route=\/wp\/v2\/pages"}],"about":[{"href":"https:\/\/www.rg-espeln.de\/index.php?rest_route=\/wp\/v2\/types\/page"}],"author":[{"embeddable":true,"href":"https:\/\/www.rg-espeln.de\/index.php?rest_route=\/wp\/v2\/users\/1"}],"replies":[{"embeddable":true,"href":"https:\/\/www.rg-espeln.de\/index.php?rest_route=%2Fwp%2Fv2%2Fcomments&post=6992"}],"version-history":[{"count":8,"href":"https:\/\/www.rg-espeln.de\/index.php?rest_route=\/wp\/v2\/pages\/6992\/revisions"}],"predecessor-version":[{"id":7015,"href":"https:\/\/www.rg-espeln.de\/index.php?rest_route=\/wp\/v2\/pages\/6992\/revisions\/7015"}],"wp:attachment":[{"href":"https:\/\/www.rg-espeln.de\/index.php?rest_route=%2Fwp%2Fv2%2Fmedia&parent=6992"}],"curies":[{"name":"wp","href":"https:\/\/api.w.org\/{rel}","templated":true}]}}